- 493/34*-458?
5, 1327
Suppose -q - 5641 = -4*k, -5*k + 27*q - 28*q = -7049. What are the prime factors of k?
2, 3, 5, 47
Suppose 0 = 2*p - 8*m - 23132, -p + 11035 = -2*m - 523. What are the prime factors of p?
2, 3, 5, 7, 11
Let v = -391 - -487. What are the prime factors of 6/v*4 - (-14166)/8?
7, 11, 23
Suppose 19*h = 21*h - 16, -h = -5*y + 266137. What are the prime factors of y?
3, 11, 1613
Let r(k) = -k**2 + 20*k - 22. Let j be r(13). Suppose -5*f + 524 = j. List the prime factors of f.
7, 13
Let o(b) = b**3 - 12*b**2 + 15*b + 52. Let r be o(10). Let a(t) = 48*t**3 + t**2 - 4*t - 1. What are the prime factors of a(r)?
379
Let q = -120 + 184. Suppose -q*x + 6 = -61*x. Suppose 3*u + u = -g + 894, -5*u + 1124 = -x*g. List the prime factors of u.
2, 7
Let g = 13167 + -5133. List the prime factors of g.
2, 3, 13, 103
Suppose 13*t - 17*t + 120 = 0. Suppose t*a = 32*a - 154. Suppose -v + 4*b + 3 = 0, 0 = -4*v + 6*b - 3*b + a. What are the prime factors of v?
23
Let c(z) = 3*z**3 - 113*z**2 - 71*z + 60. List the prime factors of c(40).
2, 5, 421
Let d(m) = -32*m - 16. Let g be d(-4). Suppose -2*o = -0*o + 8, 2*o = -3*j + g. Let b = j - -55. List the prime factors of b.
5, 19
Let j be 3/(-9)*-2*84. List the prime factors of (-2)/8 - (-2)/(j/5047).
2, 3, 5
Let z = 32 + -27. Suppose 1462 = 4*d + 2*l, -326 = -d + z*l + 45. List the prime factors of d.
2, 3, 61
Suppose 56*z - 782 + 173 = 1463. What are the prime factors of z?
37
Let l = -31994 + 58328. List the prime factors of l.
2, 3, 7, 11, 19
Suppose -3*l = 86 - 2. Let m(b) = -b**3 - 27*b**2 + 23*b - 33. What are the prime factors of m(l)?
107
Let a(z) be the third derivative of -3*z**4/2 + z**3/2 + 2*z**2. Let m be 4*5/4*2/15*-3. What are the prime factors of a(m)?
3, 5
Suppose -2*r = -3*f + 911, -170 - 283 = r - 2*f. Let l(p) = 167*p + 5. Let b be l(-4). Let m = r - b. List the prime factors of m.
2, 5
Let s(m) = 3*m**3 + m**2 - m + 1. Let r(y) = -8*y**3 + 50*y**2 - 11*y - 26. Let d(n) = -r(n) - s(n). List the prime factors of d(12).
5, 293
Suppose -s + w + 471 = 0, 3*s = 2*w - 1 + 1416. Let q = s - 168. What are the prime factors of q?
5, 61
Let d = -35 + 51. Let m(s) = -9*s - d - 11*s + 0 + 12*s. List the prime factors of m(-3).
2
Let l be (-4)/((-9)/21*3/18). Let y(d) = 28*d + 2 + 25*d - l*d. What are the prime factors of y(-2)?
2
List the prime factors of 4987 + (0 - 72/8).
2, 19, 131
Suppose 8*u + 2*y - 25 = 13*u, 0 = -3*u + 2*y - 11. List the prime factors of ((-228)/u)/(3/21).
2, 3, 19
Suppose -2*a - 219 = -d - 70, 147 = -2*a + 3*d. Let h = -73 - a. What are the prime factors of (5*-19)/(1 - h)?
5, 19
Let n(h) = 259*h**2 + 6*h + 1. Let j be n(-2). Suppose 0 = -7*m + 12*m - j. List the prime factors of m.
5, 41
Let l(j) = 2*j**3 - 6*j**2 - 12*j + 13. Let t be l(4). List the prime factors of 9*t/(-108) + 8174/8.
2, 7, 73
Suppose 4*s = -4*a + 2864, 3*a + 4*s - 2247 = -103. Suppose 5*c + 0*c = a. What are the prime factors of c?
2, 3
Suppose 2*g - 12905 - 11226 = -s, -2*g - 3*s + 24133 = 0. List the prime factors of g.
5, 19, 127
Suppose 0 = -7*z + 4*z - 5*k + 15, 25 = 5*z + 3*k. Suppose 0 = -4*t - 3*i - 2*i + 4420, 1130 = t - z*i. List the prime factors of t.
2, 3, 5, 37
Let r be 348/(-18) - (3/(-3))/3. Let v be -44 - (-2 - -3 - -2). Let q = r - v. List the prime factors of q.
2, 7
What are the prime factors of (-4)/(-6)*(9 + (-10)/(-10)*45369)?
2, 3, 2521
Suppose -3*b - 3*p + 45 = 0, -2*p = -b + 3*p + 39. Let k = b - 15. Suppose 3*g - 4*z = k*g - 135, 215 = 2*g - 3*z. What are the prime factors of g?
5, 23
Let h(x) = x**3 - 9*x**2 - 5*x - 31. Let r be h(10). Suppose 25*w - r*w + 84 = 0. Let d(z) = -z**2 - 18*z - 24. List the prime factors of d(w).
2
Let y be 2/(-12)*2*(-12 + 12). Suppose -2*b + 3907 - 33 = y. What are the prime factors of b?
13, 149
Suppose -11*l - 675 = -26*l. Let d = 93 + l. List the prime factors of d.
2, 3, 23
Let k(f) = 66*f**2 - 41*f + 58. List the prime factors of k(11).
3, 2531
Suppose -3*x = 5 - 26. Let y(z) = 5 - 65*z - 14 - x + 57*z. What are the prime factors of y(-12)?
2, 5
Let g(s) = -77*s + 147*s - 41 - 74*s. Let d be g(-11). Suppose d = 3*h, -2*h + 21 - 95 = -n. List the prime factors of n.
2, 19
Suppose -2*h = 5*f - 77, -83 = -3*h - f + 13. Let y = 977 - h. What are the prime factors of y?
2, 11, 43
Suppose -27 = 5*r - 2, l = -4*r - 16. Suppose 2*x - 27 = 3*o - 4*o, -2*o = -l*x - 54. What are the prime factors of o?
3
Let f(z) = 75*z + 746. List the prime factors of f(105).
37, 233
Suppose 4*b - 3*v + 55 = -77, -2*b = -4*v + 66. List the prime factors of (-9171)/b + (-1)/(-11).
2, 139
Let h be 18/(-8)*52/(-39). Suppose -3*k - 38 = v - 218, -h*v + 540 = -5*k. List the prime factors of v.
2, 3, 5
Let w(u) be the third derivative of u**4/8 + 3*u**3 + 10*u**2. Let l be w(-6). Suppose -2*j + 4*j - 122 = l. List the prime factors of j.
61
Let o be ((-1)/(-3) + -1)/((-2)/6). Suppose -4*w = o*w - 48. Suppose w*x = 7*x + 25. What are the prime factors of x?
5
Let f be (-1592)/(-6) - (-6)/9. Let o be ((-2352)/(-77))/6 - 1/11 - -2. Suppose -o*q + 9*q = f. List the prime factors of q.
7, 19
Suppose -l = l + 8, 3*l = 2*k - 12. Suppose n + k = -2. Let p = 26 - n. What are the prime factors of p?
2, 7
Let r(h) = -9*h**3 + 4*h**2 - 5*h - 2. Let f be r(-4). Let t be (-90)/(-2)*(2/24 + (-25)/(-180)). Suppose -3*j = -t*j + f. What are the prime factors of j?
2, 47
Suppose -f - 3*h + 20 = 6, 0 = f - 5*h + 10. Let v be 2/(-3) + (-114)/(-171). Suppose f*s - 5 = v, -l + s + 83 = -2*s. List the prime factors of l.
2, 43
What are the prime factors of 70790 - (-30)/(-8)*40/(-25)?
2, 11, 1609
Suppose 3*o + 2*o + 5 = 0. Let p(j) = -3*j - 1. Let i be p(o). List the prime factors of ((-212)/16)/(i/(-8)).
53
Let f(z) = 16*z + 25. Let l be f(-6). Suppose 0 = j - 1, 4*x = -3*j + 72 + 347. Let r = x + l. List the prime factors of r.
3, 11
Let n(x) = -2*x**3 + x**2 - 2*x - 7. Let f be n(-2). Let u = f + 178. What are the prime factors of u?
3, 5, 13
Suppose 58038 = 5*i + 3*s, 2*s = 15*i - 19*i + 46428. What are the prime factors of i?
2, 3, 967
Let v(m) = -4 + m**2 + 8*m - 13 + 0*m**2. Let b be v(-10). Suppose -2*u - 3*a = -a - 328, 4*u - b*a - 670 = 0. What are the prime factors of u?
2, 83
Suppose -309825 = -30*f + 103665. List the prime factors of f.
7, 11, 179
Suppose 0 = -5*v - 2*c - 2*c - 2, -25 = -5*v + 5*c. Suppose -v*q + 969 = -19. List the prime factors of q.
2, 13, 19
Let j = 334 - -786. List the prime factors of j.
2, 5, 7
Let u(l) = -2*l + 16. Let i be u(6). Suppose 4*c = 4, i = -4*x + 3*c + 1. Suppose x*v = 6*v - 588. What are the prime factors of v?
2, 7
Suppose -31*g + 107596 + 82636 = 61768. List the prime factors of g.
2, 7, 37
Let a = 17818 + -8271. What are the prime factors of a?
9547
Let h = 2381 - 1182. Let a = h - 249. What are the prime factors of a?
2, 5, 19
Let r(z) = -5*z + 10. Let f be r(13). Suppose -3*q - 2*b + 587 = 0, -4*q + 776 = -b - 3*b. Let x = q + f. What are the prime factors of x?
2, 5, 7
Suppose -78*w + 9281 + 8019 = 22*w. What are the prime factors of w?
173
Let k = 429 + -54. Suppose -6*i = -5445 - k. What are the prime factors of i?
2, 5, 97
Let b(d) = 18*d - 11. Let o(m) = 17*m - 11. Let w(i) = -3*b(i) + 4*o(i). Let f be w(9). Suppose 3*h = -15, 0*l = -2*l - h + f. List the prime factors of l.
2, 3, 5
Let k(z) = -26*z + 69. Let u(i) = -102*i + 275. Let b(g) = -9*k(g) + 2*u(g). What are the prime factors of b(15)?
379
Suppose 2*f + 46730 = 5*q, 10*f + 10 = 12*f. What are the prime factors of q?
2, 3, 19, 41
Suppose w - 1607 = 5*t - 4*t, -8070 = -5*w - 2*t. Let f = w + -713. What are the prime factors of f?
29, 31
Suppose -5*c - 7794 = -h, -3*h - 3104 = 3*c - c. Let z be (-2)/9 + c*(-6)/27. Suppose -4*l + z = 122. List the prime factors of l.
2, 7
Suppose -u - 4 = -c, 20 = -0*c + 5*c - 2*u. Suppose -f - c*f = -5*z - 475, 2*f + 265 = -3*z. Let g = -31 - z. List the prime factors of g.
2, 3, 5
Suppose -164020 = -5*u + 5*j, j - 6419 + 104837 = 3*u. What are the prime factors of u?
53, 619
Let z(x) = 3*x**3 - 2*x**2 - 21*x + 29. Let n be z(6). Suppose 467*h + 12648 = n*h. List the prime factors of h.
2, 17, 31
Suppose 33*m = 19*m + 194236. What are the prime factors of m?
2, 7, 991
Let d = 1972 + -948. Suppose 4 - d = -4*k. List the prime factors o